{"id":1020,"date":"2025-08-31T12:59:23","date_gmt":"2025-08-31T12:59:23","guid":{"rendered":"https:\/\/liebmannconsulting.hu\/?post_type=product&#038;p=1020"},"modified":"2025-09-01T04:44:02","modified_gmt":"2025-09-01T04:44:02","slug":"ketoldalas-ferfi-sapka","status":"publish","type":"product","link":"https:\/\/liebmannconsulting.hu\/?product=ketoldalas-ferfi-sapka","title":{"rendered":"K\u00e9zzel k\u00f6t\u00f6tt k\u00e9toldalas duplafal\u00fa fekete f\u00e9rfi sapka M-es m\u00e9ret"},"content":{"rendered":"<p style=\"text-align:left\">K\u00e9zzel k\u00f6t\u00f6tt k\u00e9toldalas fekete f\u00e9rfi sapka, duplafal\u00fa, 100% akril &#8211; sima fekete \/ fekete apr\u00f3 vil\u00e1gos mint\u00e1val<\/p>\n<p>M-es m\u00e9ret, 57-58 cm fejk\u00f6rfogat \/ 24 cm magas<\/p>\n<p>30 fokon mos\u00f3g\u00e9pben is moshat\u00f3, javasolt a fektetve t\u00f6rt\u00e9n\u0151 sz\u00e1r\u00edt\u00e1s<\/p>\n<p>Ide\u00e1lis t\u00e9li viselet<\/p>\n<p><img loading=\"lazy\" decoding=\"async\" class=\"alignnone size-medium wp-image-1021\" src=\"https:\/\/liebmannconsulting.hu\/wp-content\/uploads\/2025\/08\/20250831_132106-215x300.jpg\" alt=\"\" width=\"215\" height=\"300\" srcset=\"https:\/\/liebmannconsulting.hu\/wp-content\/uploads\/2025\/08\/20250831_132106-215x300.jpg 215w, https:\/\/liebmannconsulting.hu\/wp-content\/uploads\/2025\/08\/20250831_132106-735x1024.jpg 735w, https:\/\/liebmannconsulting.hu\/wp-content\/uploads\/2025\/08\/20250831_132106-768x1070.jpg 768w, https:\/\/liebmannconsulting.hu\/wp-content\/uploads\/2025\/08\/20250831_132106-1103x1536.jpg 1103w, https:\/\/liebmannconsulting.hu\/wp-content\/uploads\/2025\/08\/20250831_132106-1471x2048.jpg 1471w, https:\/\/liebmannconsulting.hu\/wp-content\/uploads\/2025\/08\/20250831_132106-600x836.jpg 600w, https:\/\/liebmannconsulting.hu\/wp-content\/uploads\/2025\/08\/20250831_132106.jpg 1653w\" sizes=\"auto, (max-width: 215px) 100vw, 215px\" \/><\/p>\n<p><img loading=\"lazy\" decoding=\"async\" class=\"alignnone size-medium wp-image-1022\" src=\"https:\/\/liebmannconsulting.hu\/wp-content\/uploads\/2025\/08\/20250831_132203-219x300.jpg\" alt=\"\" width=\"219\" height=\"300\" srcset=\"https:\/\/liebmannconsulting.hu\/wp-content\/uploads\/2025\/08\/20250831_132203-219x300.jpg 219w, https:\/\/liebmannconsulting.hu\/wp-content\/uploads\/2025\/08\/20250831_132203-749x1024.jpg 749w, https:\/\/liebmannconsulting.hu\/wp-content\/uploads\/2025\/08\/20250831_132203-768x1051.jpg 768w, https:\/\/liebmannconsulting.hu\/wp-content\/uploads\/2025\/08\/20250831_132203-1123x1536.jpg 1123w, https:\/\/liebmannconsulting.hu\/wp-content\/uploads\/2025\/08\/20250831_132203-1497x2048.jpg 1497w, https:\/\/liebmannconsulting.hu\/wp-content\/uploads\/2025\/08\/20250831_132203-600x821.jpg 600w, https:\/\/liebmannconsulting.hu\/wp-content\/uploads\/2025\/08\/20250831_132203.jpg 1644w\" sizes=\"auto, (max-width: 219px) 100vw, 219px\" \/><\/p>\n<p>Extr\u00e9m ig\u00e9nybev\u00e9tel eset\u00e9n bolyhosodhat.<\/p>\n","protected":false},"excerpt":{"rendered":"<p>K\u00e9zzel k\u00f6t\u00f6tt duplafal\u00fa k\u00e9toldalas f\u00e9rfi sapka M-es m\u00e9ret, sima fekete \/ fekete apr\u00f3 vil\u00e1gos mint\u00e1val 57\/58 cm fejk\u00f6rfogat, 24 cm magas.<\/p>\n","protected":false},"featured_media":1022,"comment_status":"open","ping_status":"closed","template":"","meta":[],"product_brand":[],"product_cat":[19,20],"product_tag":[],"class_list":{"0":"post-1020","1":"product","2":"type-product","3":"status-publish","4":"has-post-thumbnail","6":"product_cat-rruhazat-clothing","7":"product_cat-sapkak-beanies","9":"first","10":"instock","11":"sale","12":"taxable","13":"shipping-taxable","14":"purchasable","15":"product-type-simple"},"jetpack_sharing_enabled":true,"_links":{"self":[{"href":"https:\/\/liebmannconsulting.hu\/index.php?rest_route=\/wp\/v2\/product\/1020","targetHints":{"allow":["GET"]}}],"collection":[{"href":"https:\/\/liebmannconsulting.hu\/index.php?rest_route=\/wp\/v2\/product"}],"about":[{"href":"https:\/\/liebmannconsulting.hu\/index.php?rest_route=\/wp\/v2\/types\/product"}],"replies":[{"embeddable":true,"href":"https:\/\/liebmannconsulting.hu\/index.php?rest_route=%2Fwp%2Fv2%2Fcomments&post=1020"}],"wp:featuredmedia":[{"embeddable":true,"href":"https:\/\/liebmannconsulting.hu\/index.php?rest_route=\/wp\/v2\/media\/1022"}],"wp:attachment":[{"href":"https:\/\/liebmannconsulting.hu\/index.php?rest_route=%2Fwp%2Fv2%2Fmedia&parent=1020"}],"wp:term":[{"taxonomy":"product_brand","embeddable":true,"href":"https:\/\/liebmannconsulting.hu\/index.php?rest_route=%2Fwp%2Fv2%2Fproduct_brand&post=1020"},{"taxonomy":"product_cat","embeddable":true,"href":"https:\/\/liebmannconsulting.hu\/index.php?rest_route=%2Fwp%2Fv2%2Fproduct_cat&post=1020"},{"taxonomy":"product_tag","embeddable":true,"href":"https:\/\/liebmannconsulting.hu\/index.php?rest_route=%2Fwp%2Fv2%2Fproduct_tag&post=1020"}],"curies":[{"name":"wp","href":"https:\/\/api.w.org\/{rel}","templated":true}]}}